inder when 37257 is divided by 3?
0
What is the remainder when 17508 is divided by 8707?
94
What is the remainder when 820 is divided by 277?
266
Calculate the remainder when 7431 is divided by 105.
81
Calculate the remainder when 2717 is divided by 135.
17
What is the remainder when 141126 is divided by 121?
40
Calculate the remainder when 875 is divided by 14.
7
Calculate the remainder when 5095 is divided by 2539.
17
What is the remainder when 794 is divided by 549?
245
Calculate the remainder when 375843 is divided by 242.
17
Calculate the remainder when 5415 is divided by 10.
5
What is the remainder when 215 is divided by 208?
7
What is the remainder when 118254 is divided by 563?
24
Calculate the remainder when 1626638 is divided by 21.
20
What is the remainder when 249998 is divided by 400?
398
What is the remainder when 32219 is divided by 152?
147
Calculate the remainder when 8012 is divided by 534.
2
What is the remainder when 18836 is divided by 67?
9
Calculate the remainder when 10518 is divided by 67.
66
Calculate the remainder when 1114727 is divided by 77.
75
Calculate the remainder when 10679 is divided by 3466.
281
Calculate the remainder when 196162 is divided by 72.
34
Calculate the remainder when 240364 is divided by 14139.
1
Calculate the remainder when 1985 is divided by 19.
9
What is the remainder when 20881 is divided by 739?
189
Calculate the remainder when 3443 is divided by 1197.
1049
Calculate the remainder when 6364 is divided by 491.
472
Calculate the remainder when 33927 is divided by 164.
143
Calculate the remainder when 63754 is divided by 154.
152
What is the remainder when 2776 is divided by 920?
16
Calculate the remainder when 1771011 is divided by 3500.
11
What is the remainder when 10511 is divided by 16?
15
What is the remainder when 5275 is divided by 1753?
16
What is the remainder when 205990 is divided by 35?
15
What is the remainder when 7432 is divided by 862?
536
Calculate the remainder when 47547 is divided by 30.
27
What is the remainder when 1784 is divided by 254?
6
Calculate the remainder when 8076 is divided by 58.
14
Calculate the remainder when 23091 is divided by 2458.
969
What is the remainder when 38530 is divided by 350?
30
What is the remainder when 18108 is divided by 3619?
13
What is the remainder when 10639 is divided by 126?
55
What is the remainder when 135 is divided by 13?
5
Calculate the remainder when 18026 is divided by 1074.
842
Calculate the remainder when 17446 is divided by 832.
806
What is the remainder when 76259 is divided by 93?
92
What is the remainder when 986267 is divided by 429?
425
Calculate the remainder when 20044 is divided by 393.
1
What is the remainder when 340289 is divided by 88?
81
What is the remainder when 12814 is divided by 2538?
124
What is the remainder when 3064 is divided by 34?
4
Calculate the remainder when 6439 is divided by 537.
532
What is the remainder when 3142 is divided by 39?
22
Calculate the remainder when 3340 is divided by 17.
8
What is the remainder when 17094 is divided by 50?
44
Calculate the remainder when 260477 is divided by 110.
107
Calculate the remainder when 168985 is divided by 8449.
5
What is the remainder when 66313 is divided by 175?
163
Calculate the remainder when 62504 is divided by 65.
39
What is the remainder when 16167 is divided by 344?
343
What is the remainder when 496 is divided by 30?
16
Calculate the remainder when 130235 is divided by 917.
21
What is the remainder when 34355 is divided by 477?
11
What is the remainder when 10468 is divided by 5002?
464
Calculate the remainder when 76606 is divided by 224.
222
What is the remainder when 180289 is divided by 29?
25
What is the remainder when 83630 is divided by 8?
6
Calculate the remainder when 16931 is divided by 598.
187
What is the remainder when 10149 is divided by 7?
6
What is the remainder when 2114419 is divided by 44?
43
Calculate the remainder when 20905 is divided by 124.
73
Calculate the remainder when 2988 is divided by 300.
288
What is the remainder when 24829 is divided by 230?
219
Calculate the remainder when 489189 is divided by 1853.
1850
Calculate the remainder when 13373 is divided by 21.
17
Calculate the remainder when 2260 is divided by 397.
275
Calculate the remainder when 33147 is divided by 18.
9
Calculate the remainder when 21307 is divided by 2648.
123
Calculate the remainder when 940 is divided by 684.
256
What is the remainder when 648840 is divided by 58985?
5
What is the remainder when 23352 is divided by 329?
322
Calculate the remainder when 730 is divided by 349.
32
What is the remainder when 201813 is divided by 1786?
1781
What is the remainder when 18317 is divided by 1144?
13
Calculate the remainder when 28206 is divided by 62.
58
What is the remainder when 26589 is divided by 6625?
89
Calculate the remainder when 849986 is divided by 15.
11
Calculate the remainder when 22726 is divided by 191.
188
What is the remainder when 14363 is divided by 3568?
91
Calculate the remainder when 3416 is divided by 1097.
125
Calculate the remainder when 9561 is divided by 371.
286
Calculate the remainder when 5279 is divided by 181.
30
What is the remainder when 4800 is divided by 3988?
812
Calculate the remainder when 1522 is divided by 1482.
40
What is the remainder when 111996 is divided by 112?
108
Calculate the remainder when 10708 is divided by 383.
367
Calculate the remainder when 33217 is divided by 791.
786
What is the remainder when 16197 is divided by 225?
222
Calculate the remainder when 588976 is divided by 39.
37
Calculate the remainder when 9254 is divided by 3063.
65
What is the remainder when 9659 is divided by 125?
34
Calculate the remainder when 119182 is divided by 29794.
6
What is the remainder when 6371 is divided by 2?
1
What is the remainder when 877 is divided by 42?
37
Calculate the remainder when 29473 is divided by 614.
1
What is the remainder when 2951 is divided by 737?
3
Calculate the remainder when 581 is divided by 62.
23
What is the remainder when 3958 is divided by 33?
31
What is the remainder when 860 is divided by 766?
94
What is the remainder when 622 is divided by 120?
22
What is the remainder when 117447 is divided by 106?
105
What is the remainder when 62778 is divided by 105?
93
Calculate the remainder when 148864 is divided by 24.
16
What is the remainder when 94569 is divided by 129?
12
Calculate the remainder when 7738 is divided by 2308.
814
What is the remainder when 415498 is divided by 546?
538
Calculate the remainder when 125374 is divided by 270.
94
What is the remainder when 2718835 is divided by 2008?
3
Calculate the remainder when 13777 is divided by 399.
211
What is the remainder when 14188 is divided by 1127?
664
Calculate the remainder when 264029 is divided by 237.
11
Calculate the remainder when 9799 is divided by 99.
97
What is the remainder when 50247 is divided by 613?
594
What is the remainder when 225214 is divided by 306?
304
Calculate the remainder when 18750 is divided by 419.
314
What is the remainder when 1798 is divided by 190?
88
Calculate the remainder when 10734 is divided by 893.
18
Calculate the remainder when 113643 is divided by 188.
91
Calculate the remainder when 1533 is divided by 594.
345
What is the remainder when 867 is divided by 181?
143
Calculate the remainder when 478269 is divided by 338.
337
What is the remainder when 595 is divided by 331?
264
Calculate the remainder when 122151 is divided by 3592.
23
What is the remainder when 44426 is divided by 556?
502
Calculate the remainder when 2634 is divided by 85.
84
What is the remainder when 2564 is divided by 700?
464
Calculate the remainder when 521803 is divided by 129.
127
Calculate the remainder when 1318 is divided by 726.
592
Calculate the remainder when 61579 is divided by 128.
11
Calculate the remainder when 5038 is divided by 112.
110
What is the remainder when 5309 is divided by 73?
53
Calculate the remainder when 14510 is divided by 19.
13
What is the remainder when 30097 is divided by 15000?
97
Calculate the remainder when 29101 is divided by 3.
1
What is the remainder when 8695 is divided by 8658?
37
What is the remainder when 17849 is divided by 79?
74
Calculate the remainder when 14454